e 17 + -15 + -17 - (-8 - 0).
-7
What is 3 - (4 - -1) - -7 - 2?
3
Calculate 2 + (-1 + -6 - (1 + 0)).
-6
Evaluate 1 + (1 + 0 + -3 - 0).
-1
3 + 0 - (1 + 0 + 0)
2
What is the value of 1 - -2 - 3 - (-7 - -3)?
4
What is the value of 1 + 4 + -14 + 4?
-5
What is the value of 2 + -1 - (6 + -7)?
2
(28 - 27) + (-1 - (1 - -3))
-4
What is (-1 - 3) + -294 + 305?
7
What is 8 - (16 - 8 - 6)?
6
What is 20 + -11 - (9 - 5)?
5
(-1 - 0 - -3) + -6
-4
-8 + 24 - 14 - (0 + 3)
-1
Calculate 2 + -4 - (10 - 7).
-5
Evaluate -10 + 7 + 2 - -7.
6
Calculate 17 - 10 - (5 - 1) - 7.
-4
Evaluate -1 + 5 + -2 - (2 + -5).
5
What is the value of -1 + 6 + (0 - 2)?
3
0 + (-3 - (-3 + -3)) - -1
4
Evaluate 1 - (0 - (5 + -11)).
-5
What is -2 + 2 + 4 + -2 + 1?
3
1 - 3 - (-1 + (4 - 5))
0
Evaluate -11 - (-10 + -4 + 6 + 3).
-6
Calculate -2 - (-4 + 10 + -6).
-2
-3 + (-1 - -2) + 0
-2
What is 3 - ((-3 + 0 - -2) + 3)?
1
What is 3 - (-2 - -3 - 1)?
3
Calculate 1 - ((-3 - -7) + -3).
0
What is 2 - -1 - (-2 + 8)?
-3
What is the value of (1 - -1) + -10 + 4?
-4
What is the value of (-13 - -7) + (3 - -1 - 1)?
-3
What is the value of -3 + (-1 + -1 + -1 - -8)?
2
What is the value of 3 - (-3 - 0) - 5?
1
(-2 - -11) + (-4 - (1 + -1))
5
8 - (3 - (5 - 10))
0
Calculate -12 + 2 + (12 - 6 - 3).
-7
7 + 0 + -2 - (128 - 133)
10
What is the value of 14 - (-2 + (3 - -5))?
8
What is the value of 0 - (1 + -1 + 6)?
-6
-182 - -181 - (5 + -1)
-5
What is -2 + -2 - (-23 - -13)?
6
Evaluate -2 + 12 + -23 + 21.
8
-1 + (-3 - 0) + 5 - 4
-3
What is 1 + -2 - 4 - (157 - 157)?
-5
What is the value of -2 - (2 + (0 - 3))?
-1
Evaluate -1 - -2 - 4 - (2 - 7).
2
Calculate 5 + 1 + -2 + -3.
1
2 + (0 + -8 - (-2 - 5))
1
What is 8 - -1 - 13 - -3 - 2?
-3
What is the value of -5 - (-6 - -7 - 9)?
3
What is -1 + (6 + -6 - 3)?
-4
Evaluate -1 + 1 + 29 + -26 + -1.
2
Calculate 0 + -3 + (1 - (-2 + 1)).
-1
What is the value of 7 - 1 - -3 - 7?
2
What is the value of (4 - -16 - 2) + -9?
9
(-13 - -3) + 3 + 5
-2
Evaluate -8 + 16 - (2 + 1).
5
What is -3 + -2 + 8 + -3?
0
Evaluate -1 - -2 - (24 - 25).
2
Calculate -3 - (0 - 10) - (6 + -5).
6
-33 - -32 - (-5 + -2 + 3)
3
What is the value of -2 + 6 + (4 - 7)?
1
Calculate (-2 - 1 - (-4 + 7)) + 1.
-5
-2 + 5 - (4 - (-2 + 6))
3
What is the value of -7 - -3 - (-6 - 1)?
3
2 - (-4 - -3) - 8
-5
0 + (-4 + 0 - 1)
-5
-8 + -4 - -4 - -4
-4
What is 1 + -5 - (1 - (-4 - -9))?
0
0 - 4 - ((2 - 1) + -1)
-4
Evaluate 1 - 2 - (-3 - (-1 + -1)).
0
What is -5 - -6 - (-1 + 0)?
2
What is the value of 3 - (-1 + 3 + 3 + 2)?
-4
What is -4 + (2 - 5) + (10 - 11)?
-8
What is (-2 - 11 - -5) + 8 + -2?
-2
What is -1 - (4 + -7 - (0 + -1))?
1
1 + (-1 - 0) - (-24 - -21)
3
What is -6 - -8 - (-2 - -8)?
-4
Calculate (0 - (8 - 5) - -6) + -5.
-2
What is -2 - -10 - (1 - (-4 - 0))?
3
5 - 7 - -2 - (1 - 0)
-1
What is the value of 1 - 14 - (94 + -109)?
2
What is -2 + 4 + 2 + -4?
0
What is the value of (-2 - -13) + -3 + -11 + 12?
9
(-9 - (4 + -9)) + (-4 - -4)
-4
-14 - -5 - -2 - -10
3
0 + -2 + (-68 - -65)
-5
Evaluate 4 - 3 - (1 + -1).
1
Evaluate -1 + (6 - (0 - (2 + -12))).
-5
What is the value of 3 - 2 - (-4 + 7 - -5)?
-7
What is the value of 2 + -13 + -3 + 4 + 5?
-5
What is the value of 2 - (-1 - -10 - 5)?
-2
Evaluate 2 + (1 - (0 - -2)).
1
What is the value of -10 + 7 + 1 - (-4 + 0)?
2
(1 - 6) + (7 + -4 - -4)
2
What is 5 + (1 - (-2 + 2 + 3))?
3
What is the value of (4 - 1) + 1 + -1?
3
What is the value of 1 + (3 - 14) + 6?
-4
What is the value of -4 + (14 - 5 - 1 - 2)?
2
Evaluate 4 - (2 + (3 + -3 - 2)).
4
What is (4 - (-3 - -1)) + -1?
5
-8 + 8 + -6 + -2
-8
Calculate 4 + -4 + (0 - -1 - -2).
3
What is the value of -12 + -4 + 8 - -5?
-3
2 + 0 + (6 - 5)
3
What is the value of (0 - (-3 + 0 + 4)) + 4?
3
What is -2 - 1 - ((-5 - 1) + -4)?
7
What is the value of -11 - -2 - -9 - (-1 - 1)?
2
What is -5 - 1 - (-34 + 27)?
1
What is -2 + -14 - (-2 - 11)?
-3
3 + (-1 - (2 + -2))
2
(-1 - 0) + 0 + -7 + 9
1
(8 - 1) + (-8 - 5)
-6
Evaluate (5 - -2) + -3 + -7.
-3
Calculate (0 - -1 - (10 - 10)) + -5.
-4
Calculate -5 - 4 - -4 - 0.
-5
(3 + 4 - 1) + -2
4
What is 8 - (-6 + 5) - 4?
5
What is the value of -1 + (-10 - (4 - 8)) - -3?
-4
-9 + (14 + -6 - 2)
-3
Calculate 0 + (-3 - -1 - -4).
2
What is the value of 1 + (3 - (1 - -1))?
2
Calculate -12 - (-7 + (-10 - -10)).
-5
Calculate 9 - (9 + -9 + 4).
5
What is 4 + 3 + -6 - (-20 + 27)?
-6
Calculate -1 - 1 - (-12 + 2 + 4).
4
Evaluate -4 - (-7 + -7 + (3 - -3)).
4
What is 3 + (0 + -4 - 4) - -3?
-2
(-4 - (-6 - -1)) + -3 - -1
-1
Calculate -5 + 3 + -3 - (5 + -7).
-3
Evaluate 13 - 6 - (2 + -6).
11
Evaluate 2 + 1 + 1 - (19 - 23).
8
What is the value of 1 + -2 + (-3 - (-7 + 7))?
-4
What is -6 - (-3 + 0 - -2 - 0)?
-5
Calculate -5 + (-11 - (-6 - 4)).
-6
(1 - 1) + (12 - (12 + -4))
4
Evaluate -2 - (-25 + 20 - (-3 - 1)).
-1
-4 + (7 - 8) - -4
-1
Calculate -4 + 0 - (-10 + 6).
0
Evaluate (-13 + 18 - (-1 + 3)) + -9.
-6
What is (-8 - (-20 - -10)) + (-2 - -10)?
10
Calculate -10 - (2 + -4) - (-1 + -1).
-6
Evaluate ((0 - -3) + -10 - 0) + 5.
-2
What is the value of (2 + 1 - 3) + -3 + 6?
3
Calculate -4 + (11 - 2) - 0.
5
-1 + 2 + -14 + (21 - 17)
-9
What is the value of (-8 - -14) + -13 - (-1 + -1)?
-5
Evaluate (-2 - 0) + (-8 + 19 - 15).
-6
What is the value of -3 - (-1 + -1 + 0 + -1)?
0
(-5 - -12) + (-18 - -13)
2
4 - (18 + (-6 - -2)) - -5
-5
Calculate -1 + (5 - 8) + (6 - 1).
1
What is 4 - (-4 - -10) - (0 - -1)?
-3
(0 + -5 - -2) + 1
-2
Evaluate -16 + 26 + (-2 - 7).
1
Calculate -3 - 1 - (-1 + 0 - 0).
-3
3 - (2 + 7 + -4) - -2
0
What is (-9 - -7) + 2 + -1 + -1?
-2
0 + 4 + 1 + -4 + -1
0
What is -4 + 2 - (-11 - -6 - -7)?
-4
Evaluate 1 + -2 + -2 + -2.
-5
What is the value of -1 - (0 + 0) - (1 + 1)?
-3
Evaluate -7 + (-11 - -7) + 6.
-5
-11 - (-8 + -9 + 0)
6
Evaluate -3 + (-4 - 5) + 17.
5
What is the value of -3 + (1 - 0) + -3 - -3?
-2
What is -6 + (4 + 6 + -3 - 3)?
-2
What is -4 + (-1 - -3) + -1?
-3
What is the value of (1 - ((-2 - -3) + -5)) + -3?
2
What is (0 - (1 + 0 - -4)) + 14?
9
(-16 - -1) + 6 - (2 - 20)
9
Evaluate 6 + -14 - (-7 + (3 - 0)).
-4
-7 + 1 + -6 + 4 + 7
-1
Evaluate 8 + 3 - 13 - (0 + -3).
1
What is the value of -1 - (-1 - 2) - (0 + -3)?
5
Evaluate -3 - ((2 - 8 - -3) + 1).
-1
What is the value of 3 + (21 - 23) + (1 - 4)?
-2
Calculate 0 - -6 - (3 + 2).
1
Calculate 11 + -2 + (-5 - -2).
6
What is (-1 + 7 - 0) + -2?
4
(-1 + 3 - (1 + 4)) + -1
-4
What is the value of -14 + 14 - (1 + (0 - 1))?
0
What is the value of -3 - (3 - 3) - (3 + -1)?
-5
Calculate 1 + -4 + 7 - 1.
3
21 + -27 + 2 + 2
-2
(-6 - (7 - 18)) + -2 + -2
1
What is 11 + 3 + (-4 - -8 - 11)?
7
What is -2 - (-1 - (-6 - -1))?
-6
What is -5 + -1 + 0 + (203 - 194)?
3
What is 9 + -7 - (13 + -5)?
-6
Evaluate 5 + 0 + -5 - 3.
-3
What is 0 - ((-5 - 10) + 10)?
5
Calculate -2 + 0 - (9 - 18 - -10).
-3
0 - -7 - (6 + -3)
4
What is the value of -3 + (4 - 7) + 1?
-5
-8 + (23 - 8) + -7
0
Calculate (-1 - -1) + -4 - (2 + -2).
-4
What is the value of -6 - (1 + -5 - (12 - 6))?
4
Calculate 11 + -8 - (-4 + 1 + 10).
-4
Evaluate (4 - -1) + 0 + (-414 - -410).
1
What is the value of (-9 - (0 - -13)) + 14?
-8
What is the value of -70 + 71 + 1 + 3?
5
Evaluate 11 - 13 - 5 - -5.
-2
0 + -1 + -1 + 3
1
-8 - (6 - (8 + 4))
-2
What is the value of 2 + 5 - 6 - (1 - 5)?
5
Evaluate -4 + 19 + -16 - (-7 - -1).
5
-2 - (3 + 1 - 2)
-4
Calculate -6 + (-2 - (12 + -21)).
1
Calculate -5 - (-5 + -1 + (64 - 55)).
-8
Calculate (-2 - -3) + -6 + 7 + -1.
1
(-3 - -6) + (-22 - -10)
-9
Calculate -5 - -3 - (-12 - -9).
1
2 - (-8 + (-10 - -24))
-4
What is 3 - (-6 + 6 + -4 - -3)?
4
Evaluate -2 + 3 + -5 - (1 - 10).
5
3 - (-2 + 8) - 1
-4
What is 7 + 4 + -8 - (2 + 1)?
0
-3 + (4 - 1) - 1
-1
What is the value of (-1 - 0) + 5 + 1?
5
What is 3 + -14 + (-2 - (-4 - 3))?
-6
-4 + 10 - 5 - (4 + 1)
-4
-6 + 8 + -15 - -7
-6
0 - ((5 - 3) + -5)
3
What is the value of (0 - -4 - 2) + 3?
5
Calculate 1 - (6 + -7) - -4.
6
What is -6 + (8 + -4 - 0)?
-2
-6 + (1 - (-2 + (-6 - -6)))
-3
8 - ((-7 - -1) + 8 + 1)
5
(-14 - 2) + 16 + 1 + 1
2
0 - (0 + 3 - (2 + 0))
-1
(17 - 18) + 0 + 1
0
What is (-2 - -2) + -3 + 1 + -4?
-6
What is the value of (3 + -13 - -2) + (-4 - -7)?
-5
Calculate 9 - 1 - (-11 + 15).
4
Calculate 2 + (0 - 4) + (0 - 1).
-3
What is the value of -118 + 110 + 4 + 1 + 0?
-3
What is the value of 7 + -15 - (-5 + -2 - -1)?
-2
Calculate 0 - (1 + -5 - -5).
-1
What is -12 + (-2 - -7) + 2?
-5
What is